*y + 0 - 1. Give t(-2).
-6
Let o(v) be the second derivative of v**7/420 + v**5/120 - v**3/6 + 2*v. Let q(u) be the second derivative of o(u). Let x be 2/4 - (-2)/4. Give q(x).
3
Let l(i) = i**3 - 4*i**2 + 2*i - 5. Let m(o) = 2*o**2 + o - 2. Suppose 0 = -3*u + u - 4*s + 8, -3*s + 17 = -4*u. Let b be m(u). Give l(b).
3
Let a(k) = k**2 + 12*k - 3. Let j(x) = -x**2 - 11*x + 3. Let c(b) = 6*a(b) + 7*j(b). Give c(-4).
7
Let q(u) = -u. Let k be q(1). Let p(o) = -o - 12. Let y be p(-13). Let s(w) = -y + 0*w - 4*w + 2*w + w**3. What is s(k)?
0
Let o(y) be the third derivative of y**4/4 + y**3/3 + 3*y**2. Let l(q) = -3*q**3 + 2*q - 1. Let s be l(1). Calculate o(s).
-10
Let h(o) be the second derivative of 0 + 2*o - 1/2*o**3 - 5/24*o**4 + 1/60*o**5 - 3/2*o**2. Let v(z) be the first derivative of h(z). Give v(5).
-3
Let q be 25/9 - 4/(-18). Let o(j) = -j**2 + 5*j - 4. Let k be o(q). Let u(r) = 2*r**2 - 1. Determine u(k).
7
Let b(v) = v**3 + 2*v**2 + v + 2. Let f(g) = -g + 2. Let r be f(4). Give b(r).
0
Let p(t) = 107*t**3 + 6*t**2 + 5*t - 108*t**3 - 6 - t. What is p(6)?
18
Let q(a) = 2*a - 6. Suppose 2*t - 5 - 5 = 0. Suppose 0 = z - m, t*m - 2 = 2*z + 2*z. Suppose -3*s + z*l = -6, -2*s + l + 17 = 3*s. What is q(s)?
2
Let o(y) = y. Let x be -2 + 5/((-10)/4). Let i be x + 2 + 2 + -3. What is o(i)?
-3
Let x(w) = 3*w + 5. Suppose 2*s - 7*s + 40 = -f, 4*s - f = 33. Let m(q) = 4*q + 7. Let i(g) = s*x(g) - 5*m(g). Determine i(-3).
-3
Let d(f) be the third derivative of -f**4/24 - 2*f**3/3 - 67*f**2. Let r = -1 + -1. Let x(s) = -s**3 - 2*s**2 + s - 1. Let n be x(r). Determine d(n).
-1
Let x(a) = 2*a**3 - 4*a**2 + a. Suppose 3*c - 4*m = c + 14, -2*c = -2*m - 10. Determine x(c).
21
Let d(m) = -2*m - 1. Let v be -1*(-2 + 0 - -4). Let s be d(v). Suppose s*h + 2*r = -12, 2*h - 3*r + 6 + 2 = 0. Let t(b) = b**3 + 4*b**2. Determine t(h).
0
Let x(y) = y**2 + 6*y + 7. Suppose 3*d + 23 = 2*w, -4*w + 11 = -5. Let o be x(d). Let n(h) = -h**2 + 4*h - 1. Calculate n(o).
3
Let b(y) = -2 - 3*y**2 - 19 - 4 - 9*y + 16*y**2. Let w = -5 + -4. Let x(z) = 3*z**2 - 2*z - 6. Let k(g) = w*x(g) + 2*b(g). Give k(-4).
-12
Let w = -81 - -86. Let n(q) = -16*q + 2. Suppose -6 = -h + 3*h. Let l(j) = 5*j - 1. Let m(d) = h*n(d) - 10*l(d). Calculate m(w).
-6
Let u(z) = -z + 1. Let y be u(6). Let g(v) = v**2 - 2*v - 10. Let a(h) = h + 2. Let r(b) = -5*a(b) - g(b). Calculate r(y).
-10
Let i be (8/(-10))/(2/55). Let k = i - -16. Let y(b) = -b + 1. What is y(k)?
7
Let m(q) = 0*q + 2 - q - q. Let v(l) = -l**3 + 6*l**2 - l + 8. Let n be v(6). Determine m(n).
-2
Let j(f) = -6*f + 5. Let u be j(2). Let v(k) = -k**3 - 6*k**2 + 8*k + 10. Calculate v(u).
3
Suppose q - 2*q = -5. Let b(r) = -r + 11. Calculate b(q).
6
Suppose -2*c + 2*k = -0 - 2, 3*c + 5 = 5*k. Suppose h = -t, h - t = -c*t - 3. Let x(q) = -28 + 0*q**3 + q**3 + 29 - q. Calculate x(h).
1
Let n = 0 - 5. Let i(c) = -c - 2. Give i(n).
3
Let n(y) = y**3 - 4*y**2 + y + 1. Suppose -8*g - 10 = -3*g, 0 = -d - 2*g. Determine n(d).
5
Suppose 0 = a + 5*k + 4, -5*a - 4*k + k = -2. Let o(f) = -2*f. Let c(w) = w. Let v(l) = -9*c(l) - 4*o(l). Give v(a).
-1
Let z(a) = -a**3 + 2*a**2 + 3. Let c be z(2). Suppose 0 = 2*g - 2 - 2. Let u(k) = -4*k - c - 3 + k**g + 0*k. Give u(6).
6
Let b = -10 - -5. Let i(w) = -w**2 - 8*w - 9. Calculate i(b).
6
Let v(l) = l + 6. Suppose 3*x - 22 = x. Let i(n) = 5*n**2 - 3*n + 2. Let c be i(2). Let q = x - c. What is v(q)?
1
Let d(s) = -12*s**3 + 2*s**2 - 1. Let j(u) = -4*u + 4. Let r be j(3). Let b = -12 - r. Let k = 5 + b. Determine d(k).
-11
Let u(q) = 3*q**3 - 4*q**3 + 27*q**2 + 0 - 32*q**2 + 5*q + 1. Give u(-6).
7
Let b(t) = -2*t + 5. Let s(j) = -6*j + 14. Let w(d) = -17*b(d) + 6*s(d). Let f = 27 + -26. Determine w(f).
-3
Let x(p) = p**3 - 7*p**2 - 3*p - 2. Let j(t) = t**3 - 7*t**2 - t + 14. Let h be j(7). What is x(h)?
-23
Suppose -5*o + 3*z - 5*z + 9 = 0, 4*o - 2 = z. Let y(r) = -4*r**2 + r. Let n be y(o). Let c(m) = m**2 + m - 2. Determine c(n).
4
Let j(g) = g**2 - g + 2. Suppose -3*h + 6 = -0*h. Suppose 18 = h*w + w. Let i = w + -6. Determine j(i).
2
Let q be 2 - -2 - (0 + 3). Suppose o + 15 = 3*m - 0, 5*o - q = -4*m. Let s(x) = x**2 + 2*x - 2. Calculate s(o).
1
Let y(c) be the third derivative of -c**6/120 + c**5/20 + c**4/24 + 2*c**3/3 + 57*c**2. Let i = 8 - 4. What is y(i)?
-8
Let w(k) = -2*k**2 - 2 - 3*k**2 - 10*k - 6. Let n(h) be the third derivative of h**5/60 + h**4/24 + h**3/6 - 19*h**2. Let x(q) = -4*n(q) - w(q). Give x(-5).
-1
Let k(m) = -m - 6. Let a be k(-7). Let n(g) be the second derivative of 0*g**3 - 7/12*g**4 + g + 0 + 0*g**2. Give n(a).
-7
Let a(x) = x + 1. Let l be (-5 + (-1 - -3))*1. Suppose 2*v = 4*v - 2. Let w = l - v. Determine a(w).
-3
Let c(u) = -u**3 - 6*u**2 + u + 3. Suppose -1 = j + 5*z, -26 = 5*j + 3*z + z. Determine c(j).
-3
Let z(j) = -j**2 + 3*j - 2. Suppose 0 = -5*l + 25 - 5. What is z(l)?
-6
Let t = -3 - 1. Let m(q) = 2*q + 5. Let a be m(t). Let j(z) be the first derivative of z**3/3 + 2*z**2 + 2*z - 5. What is j(a)?
-1
Let v(z) = -z**3 - z**2 + 3*z - 3. Let c(a) = 3*a**2 - a. Let d = 11 + -10. Let h be c(d). What is v(h)?
-9
Let v(h) = -4*h**2 - 5. Let y(k) = -4*k**2 - 6. Let f(r) = 6*v(r) - 5*y(r). Suppose -8 = -8*j - 16. Calculate f(j).
-4
Let n(h) = -h + 2. Suppose -2*g = 2*y - 6, 5*y + 24 = 5*g + y. Suppose 5*p - g*p = 2*m - 6, -m - 2*p = 2. Suppose 0*x + m*x = -10. Give n(x).
7
Let y(m) be the first derivative of m**2/2 + m - 5. Calculate y(-5).
-4
Let k be 0 - (0 - 1 - 1). Let q be (2 + 0)*1/k. Let f(o) = 9*o**3 + o**2 - 2*o + 1. Determine f(q).
9
Suppose -6*m + 4 = -4*m. Let v(x) = -3 - 10*x**m + 6*x + 4 - 8*x + x. Calculate v(1).
-10
Let y(i) = -i**3 + 2*i**2. Let a be y(2). Let c(t) = -7*t**2 - t + 6. Let x(n) = n**2. Let m(v) = -c(v) - 6*x(v). What is m(a)?
-6
Let t(h) = -2*h**2. Let m be 5/2*(-2 - -4). Let o(v) = -v**2 + 5*v - 2. Let c be o(m). Determine t(c).
-8
Let h(s) be the first derivative of s**4/4 + s**3 - 7*s**2/2 - 6*s + 6. Suppose -4*u - 4*c = 0, 5*c - 4 = -2*u - 2*u. Determine h(u).
6
Let u(x) = 2*x**3 + 3*x**3 + 3 - 4*x**3 + 6*x**2 + 74*x - 75*x. Let y(g) = 6*g. Let j be y(-1). Give u(j).
9
Let y = 2 - -3. Let p(o) = o. Let x(f) = -2*f. Let v(h) = y*p(h) + 5*x(h). Give v(1).
-5
Suppose -s = s. Suppose 2*r + 2*r - 2*x - 14 = s, -2*r + 2*x = -8. Let d(h) = -4*h**2 - h**3 + 0*h**2 - h - 1 + 4 + 8*h**2. Give d(r).
9
Let y(b) = -7*b**2 + 9*b. Let a(g) = -3*g**2 + 4*g. Let c(o) = 9*a(o) - 4*y(o). Let z be (1 - 2) + 2/2. What is c(z)?
0
Let d(u) = u**3 - u**2 + 7. Suppose 3*r + 6*s - 10*s = -12, -4*r - 3*s + 9 = 0. Give d(r).
7
Suppose -5*u - 20 = -10*u. Let i(v) = 0 - 1 - u + 4 + 2*v. Determine i(-1).
-3
Let v(g) = 1 - g**2 + 0*g + 2*g + 2*g**2. Suppose m - 5 = 6*m. Give v(m).
0
Let j(p) = p**3 + 2*p**2 - 6*p - 4. Suppose -2*n = 4*r - 6*n + 8, -2*n + 16 = 4*r. Let o(t) = -2*t. Let y be o(r). What is j(y)?
-12
Let l(n) = -181*n - n**2 + 182*n + 12*n**2. Give l(1).
12
Let h(a) = a**2 - 1. Let o be h(-1). Let k be -4 + 2 + (o - -3). Let p(u) = -5*u - 1. Determine p(k).
-6
Let j(x) = 5*x**3 - x**2 + 2*x - 1. Let a(p) = -p**3 + 6*p**2 - 6*p + 7. Let k be a(5). Suppose -1 - 1 = -k*t. What is j(t)?
5
Let m(p) = -p**3 - 10*p**2 - 11*p - 7. Suppose -35 = 3*b - 8. Calculate m(b).
11
Let j be (-2)/10 + (-144)/30. Let b(v) = -5*v + 2*v**2 - 6*v**2 + 3*v**2. Calculate b(j).
0
Let b(n) = -6*n + 3. Let m(f) = -6*f + 4. Let s(r) = -3*b(r) + 2*m(r). Let x(p) = -7*p. Let j(w) = -5*s(w) - 4*x(w). Give j(-4).
13
Let x be (-39)/(-12) + (-1)/4. Let p be (-8)/6 + (-2)/x. Let s(l) be the second derivative of -l**4/12 - l**3/2 - l**2/2 + 13*l. Determine s(p).
1
Let a(c) = -2*c**3 - 2*c**2 - c. Let s be 2 + (-9)/(-1 + -2). Suppose -s - 3 = 4*d. What is a(d)?
10
Let v(a) = -6*a. Suppose -2*g + 100 = 2*g. Suppose -2*c - 4*b + b + 14 = 0, 0 = 5*c + 5*b - g. Determine v(c).
-6
Let j(x) be the second derivative of -1/20*x**5 - 3*x**2 + 0 + 1/2*x**4 + 4/3*x**3 - 6*x. Calculate j(7).
1
Let r(k) = k**2 - 7*k + 5. Let m(p) be the second derivative of 5*p**4/12 - p**3/6 - p**2/2 - 2*p. Let x be m(-1). Calculate r(x).
-5
Let o be 6/(2*(-9)/(-12)). Let n(k) = k + 1. What is n(o)?
5
Let x(y) be the first derivative of 0*y**3 + 0*y - y**2 + 1 + 1/24*y**4. Let z(m) be the second derivative of x(m). Determine 